h. What is the units digit of h?
2
Let c = -2614 + 13624. What is the units digit of c?
0
Let s = -11527 + 20322. What is the units digit of s?
5
Let s be 4/8*2*7. Let v = -52 - -58. What is the units digit of 42/v*2/s?
2
Let o(i) = -7*i**3 + 6*i**2 - 60*i - 198. What is the thousands digit of o(-10)?
8
Let o be 1/3*-1 + 182/6. Let s(j) = -j**3 + 30*j**2 + 3*j - 15. What is the units digit of s(o)?
5
Suppose 13 = -7*w + 167. Suppose 11*q = w*q - 7447. What is the tens digit of q?
7
Let d(o) = 9*o + 3. Let s be d(4). Let t(g) = g**2 - 14*g + 18. Let q be t(0). Let h = s - q. What is the tens digit of h?
2
Let n(b) = b**2 - 9*b. Let m be n(9). Suppose -5*h = w - 802, 3*h + m*w = -4*w + 488. What is the hundreds digit of h?
1
Suppose -34*d = -0*d + 10*d - 42900. What is the tens digit of d?
7
Suppose -385*g + 7935589 + 11688246 = 0. What is the thousands digit of g?
0
Let h = 140 - 2429. Let l = -1337 - h. What is the hundreds digit of l?
9
Let n be (6/(-3))/((-1)/2). Let c(o) = -o**3 + 5*o**2 - 4*o + 3. Let k be c(n). Let r(q) = 5*q**3 - 3*q**2 - 2*q - 3. What is the units digit of r(k)?
9
Let i(h) = -159*h - 49. Let v be i(-16). Let f = -1200 + v. What is the thousands digit of f?
1
Let a(x) = -x**3 + 3*x**2 - 2*x. Let n be a(2). Let k be (18/24)/(3*4/32). Suppose 0 = k*m + 2 + 4, -2*w - 5*m + 281 = n. What is the units digit of w?
8
Let s = -322 + 474. What is the units digit of (1 - 503/2)*s/(-114)?
4
Let c be 3 + (0/6 - 0). Suppose -c*w + 4*j + 0*j = -957, 3*j - 638 = -2*w. What is the tens digit of w?
1
Let t = 7 + -7. Suppose -6*y + 7*y - 3*k - 514 = 0, t = 3*y + 2*k - 1487. What is the hundreds digit of y?
4
Let k(j) = j**2 + 5*j - 20. Suppose 2*v = -r + 9, 2*r - 7*r - 4*v = -69. Suppose -r*t = -16*t - 8. What is the tens digit of k(t)?
8
Suppose 4*o - 15 = v, -13*o - v + 15 = -11*o. Suppose -o*k - 102 = -4*p + 2402, 0 = -2*p - k + 1238. What is the tens digit of p?
2
Suppose -5*o - 2*c - 325 = -0*o, -92 = o - 5*c. Let z = o - -457. What is the tens digit of z?
9
Let l(c) = 602*c - 2851. What is the hundreds digit of l(15)?
1
Let u = -14776 - -33934. What is the units digit of u?
8
What is the tens digit of (1*(22 + 3 + -2))/((-115)/(-162035))?
0
What is the thousands digit of 58/((-16)/(-1996)*15/30)?
4
Let g(l) = -20*l**2 + 2*l - 39 - 7 + 21*l**2. What is the units digit of g(22)?
2
Suppose -6*f = 24*f + 150. What is the units digit of (1*f)/(-1) + 4095/45?
6
Let t be (-1 - -23)*(-3)/6*-2. Suppose 0 = 6*a - t - 26. Let q = a - -28. What is the tens digit of q?
3
Suppose 16*r - 2 = -242. Let v(h) = 2*h**2 + 25*h + 42. What is the tens digit of v(r)?
1
Let r(h) = -h**2 - 11*h + 152. Let u be r(-19). Suppose -5 = -l, 3*m + 2*m + 4*l - 570 = u. What is the units digit of m?
0
Let x(k) = -k**3 - 14*k**2 + 15*k + 5. Suppose -17*i - 24 = -23*i. Suppose -i*v - 64 = -0*v. What is the tens digit of x(v)?
7
Let o(r) = 2*r**3 + 237*r**2 + 93*r - 1039. What is the tens digit of o(-117)?
4
Suppose 0 = -3*i - 3*f + 1233, -4*f - 1133 = -4*i + 495. Suppose 2*j = 3*j + 4*o - i, -5*j + 5*o = -2070. What is the units digit of j?
3
Let d be (-8)/20 - (-6 - 12248/20). Let w = 1065 - d. What is the hundreds digit of w?
4
Let v(i) = 53*i - 17. Let x be v(7). Let d = x - 191. What is the units digit of d?
3
Let t = -1059 - -1722. Suppose h + 4*n = t, -2*h - n - 118 = -1437. Suppose -139 = 4*v - h. What is the units digit of v?
0
Suppose -3*u + 556 = 664. What is the units digit of (18/(-171) + u/19)*-151?
2
Let l be (6/(-4))/(-3 + 78/28). Suppose l*r - 4*r = -c - 10, 0 = 2*r - 4*c + 16. Let m(i) = -i**3 - 3*i**2 - 6*i + 4. What is the tens digit of m(r)?
4
Suppose m + 2*r = 15007, 2*m - 1383 = -r + 28628. What is the tens digit of m?
0
Let p(l) = -65*l**2 - 22 + 35*l**2 - 14*l + 37*l**2. Let m(k) = -k**2 + k + 1. Let f(g) = 5*m(g) + p(g). What is the units digit of f(8)?
9
Let h be 2/((-2)/(-3) + (-60)/36). Let y be 2205/36 - h/(-8). Let t = y - 19. What is the units digit of t?
2
Let k(b) = -205*b + 901. What is the units digit of k(-6)?
1
Let p(s) = 2*s - 48. Let g be p(24). Suppose g = -15*n + 14*n + 10. Suppose 0 = -5*q + n*q - 205. What is the tens digit of q?
4
What is the thousands digit of (((-2512)/10)/(-2))/((168/(-1360))/(-21))?
1
Let h = 7054 - 4980. Let b = h + -1086. What is the units digit of b?
8
Suppose 0 = -6*k + 12*k. Suppose k = 3*t - 4*i - 234 - 181, -2*t + i = -280. Suppose n = -5*o + 731, o - 4*n = n + t. What is the units digit of o?
6
Suppose 21*k = 9981 - 1056. Suppose -5*g + k + 5825 = 0. What is the units digit of g?
0
Let q(z) = 5315*z - 10858. What is the units digit of q(10)?
2
What is the tens digit of (-32)/48 - 69846/(-9)?
6
Let l = -822 - 862. Let x = 2480 + l. What is the tens digit of x?
9
Let l(u) = -807*u + 1382. What is the tens digit of l(-15)?
8
What is the thousands digit of (-1)/2*2/3 + 388432/48?
8
Suppose 395 + 2197 = -8*v. What is the hundreds digit of ((-33)/12)/((-1)/v*-3)?
2
Suppose -107 - 91 = -18*u. Suppose 1110 = u*y - 5*y. Let j = y - 106. What is the tens digit of j?
7
Let h be 512/(-80) - (2/(-5) + 0). Let s be 2/((-9)/(243/h)). Suppose x - 1 - s = 0. What is the units digit of x?
0
What is the tens digit of (21410/60 + 0)*12?
8
Let d(u) = 22*u - 179. Let f(q) = -q**3 + 7*q**2 + 15*q - 110. Let w be f(6). What is the units digit of d(w)?
3
Let d(w) = -128*w**2 - 19. Let z(j) = -65*j**2 + j - 10. Let f(r) = 2*d(r) - 5*z(r). What is the hundreds digit of f(2)?
2
Suppose 320*d - 360*d - 2720 = 0. Let y(r) = -3*r**2 - 10*r - 6. Let c be y(-6). What is the tens digit of d/(-6)*c/(-6)?
0
Suppose -156322 = -2*r - 4*m, 19*r + 3*m - 312614 = 15*r. What is the hundreds digit of r?
1
Let q(x) = x - 1. Let w(l) = l**3 + 32*l**2 - 54*l - 11. Let c(z) = -4*q(z) - w(z). What is the units digit of c(-34)?
7
What is the thousands digit of 37628 - (6/4)/(171/456)?
7
Suppose -20*v - 399 = -119. Let i(o) = -14*o**2 - 5 + 2 + o**3 - 9*o - 20 - 2*o**3. What is the hundreds digit of i(v)?
1
Suppose 317*b + 222686 = 107*b + 1670426. What is the hundreds digit of b?
8
Let q(p) = p**2 - 7*p - 15. Let u be q(9). Suppose 1085 = u*d + 455. Suppose -19*s = -14*s - d. What is the tens digit of s?
4
What is the tens digit of ((-4540)/454)/(15/(-73998) + 0)?
3
What is the hundreds digit of 5 + 5790 + (20/8 - 9/18)?
7
Let m(c) = -c**3 + 4*c**2 - 3*c + 5. Let n be m(3). Let r(l) = 3*l**2 - 6*l. Let g be r(n). Suppose b - g = -0*b. What is the units digit of b?
5
Let i be (-9 - -8)/((-1)/(-101)). Let v = i + 53. Let b = v + 195. What is the hundreds digit of b?
1
Let w(g) be the first derivative of 9/2*g**2 + 1/3*g**3 - 9 + 6*g. What is the tens digit of w(-17)?
4
Let d(n) = -3*n - 10. Let z be d(-12). Let o = 16 - z. What is the units digit of 1 - 0 - o*26?
1
Let x(p) = 146*p + 118 - 421*p - 56 - 53. What is the tens digit of x(-2)?
5
Suppose -419*w + 4616280 = -6387498. What is the hundreds digit of w?
2
Suppose 47*z = 49*z - 4. Suppose -z = -3*l - 5*p, 0*l = 3*l - p - 32. What is the tens digit of (l/(-9))/(1/(-69))?
6
Let h(a) = -a**3 + 33*a**2 + 8*a - 72. Let l be h(33). Let m = l + 147. What is the units digit of m?
9
Let t be 0*((-25)/(-20))/5. Suppose 5*z = 2*b - 31, 2*b = 2*z - 6*z - 14. Suppose 4*g - 58 = -3*r, t = g + 5 - b. What is the tens digit of r?
2
Suppose -11*j + 8*j = -1767. Let b = j + 329. What is the units digit of b?
8
Let g be 8/(-24) + 1 + 7/3. Suppose -h = -0 - g. What is the tens digit of h*3/(-36)*(1 - 597)?
4
Suppose -3750 = z - 5*z + u, 5*u + 4695 = 5*z. Suppose 6*o + z = 9*o - 4*i, 0 = -2*o + 5*i + 634. What is the tens digit of o?
0
Let g(f) = -2*f**2 + 8. Let n be g(0). Suppose t - n*z = -4*z + 1679, 3*t + 3*z - 4977 = 0. What is the units digit of t?
3
Let k = 33434 + -19475. What is the ten thousands digit of k?
1
Let a = 9233 - 5147. What is the units digit of a?
6
Let v(r) = -r**3 - r**2 + r - 2. Let i be v(0). Let n = i + 16. Suppose 875 = n*z - 3017. What is the tens digit of z?
7
What is the units digit of 24924*2 + (-2)/(-2)*-1?
7
What is the thousands digit of 40*8/32 + 7091?
7
Suppose a = 3*j + 22194, -2*a + 44391 = 13*j - 18*j. What is the units digit of a?
3
Let t(j) = 385*j - 5904. What is the ten thousands digit of t(54)?
1
Let d be -2*7/(2 + -9). Suppose 4*t = -3*q + 2797, 4*q - t - 3746 